49
List the prime factors of 250874.
2, 13, 9649
What are the prime factors of 225789?
3, 73, 1031
What are the prime factors of 1377236?
2, 7, 101, 487
What are the prime factors of 348162?
2, 3, 58027
What are the prime factors of 3638531?
13, 23, 43, 283
What are the prime factors of 781383?
3, 260461
What are the prime factors of 9706415?
5, 941, 2063
List the prime factors of 7701514.
2, 47, 81931
List the prime factors of 1175039.
1175039
What are the prime factors of 3021042?
2, 3, 163, 3089
List the prime factors of 1842026.
2, 921013
What are the prime factors of 154489?
19, 47, 173
What are the prime factors of 9455733?
3, 7, 150091
What are the prime factors of 11466312?
2, 3, 11, 13, 257
What are the prime factors of 1003016?
2, 7, 17911
List the prime factors of 19291576.
2, 53, 173, 263
What are the prime factors of 2188326?
2, 3, 7, 52103
What are the prime factors of 2461850?
2, 5, 53, 929
List the prime factors of 555270.
2, 3, 5, 83, 223
List the prime factors of 1315005.
3, 5, 29, 3023
What are the prime factors of 2457160?
2, 5, 47, 1307
What are the prime factors of 203573?
23, 53, 167
List the prime factors of 2126280.
2, 3, 5, 13, 29, 47
What are the prime factors of 1676735?
5, 335347
What are the prime factors of 17230193?
751, 22943
What are the prime factors of 518608?
2, 32413
What are the prime factors of 990219?
3, 23, 113, 127
List the prime factors of 269297.
7, 17, 31, 73
List the prime factors of 3187548.
2, 3, 7, 13, 139
List the prime factors of 23474.
2, 11, 97
List the prime factors of 95644.
2, 23911
What are the prime factors of 549632?
2, 19, 113
What are the prime factors of 237020?
2, 5, 7, 1693
List the prime factors of 3206065.
5, 641213
What are the prime factors of 82406?
2, 41203
List the prime factors of 885869.
885869
List the prime factors of 325426.
2, 162713
What are the prime factors of 1126948?
2, 281737
List the prime factors of 178247.
178247
List the prime factors of 10396279.
10396279
What are the prime factors of 10223240?
2, 5, 131, 1951
What are the prime factors of 21816659?
89, 245131
What are the prime factors of 25339?
25339
List the prime factors of 37071.
3, 1373
What are the prime factors of 1299339?
3, 23, 6277
What are the prime factors of 14770328?
2, 43, 42937
What are the prime factors of 11497523?
11497523
List the prime factors of 916629.
3, 7, 43649
List the prime factors of 1882944.
2, 3, 7, 467
What are the prime factors of 6948406?
2, 53, 65551
List the prime factors of 357661.
357661
List the prime factors of 5978624.
2, 11677
List the prime factors of 2495192.
2, 7, 17, 2621
List the prime factors of 1260008.
2, 239, 659
What are the prime factors of 77753?
13, 5981
What are the prime factors of 1048027?
1048027
List the prime factors of 1024577.
1024577
List the prime factors of 9081315.
3, 5, 17, 1319
What are the prime factors of 457153?
457153
List the prime factors of 247784.
2, 47, 659
List the prime factors of 1352788.
2, 338197
List the prime factors of 135726.
2, 3, 22621
List the prime factors of 1013149.
17, 61, 977
What are the prime factors of 357377?
357377
What are the prime factors of 263744?
2, 13, 317
What are the prime factors of 21379?
21379
What are the prime factors of 1812588?
2, 3, 151049
List the prime factors of 113488.
2, 41, 173
List the prime factors of 363897.
3, 40433
List the prime factors of 27423208.
2, 229, 14969
What are the prime factors of 15751220?
2, 5, 89, 8849
What are the prime factors of 15702456?
2, 3, 7, 11, 29, 293
List the prime factors of 15231547.
15231547
List the prime factors of 1295992.
2, 161999
What are the prime factors of 17437015?
5, 3487403
List the prime factors of 8540070.
2, 3, 5, 7, 11, 3697
What are the prime factors of 33755?
5, 43, 157
List the prime factors of 13013822.
2, 19, 342469
List the prime factors of 157806.
2, 3, 11, 797
What are the prime factors of 204789?
3, 13, 59, 89
List the prime factors of 6715538.
2, 3357769
What are the prime factors of 2465331?
3, 11, 74707
List the prime factors of 3851434.
2, 1925717
What are the prime factors of 3519401?
877, 4013
List the prime factors of 902546.
2, 593, 761
List the prime factors of 509421.
3, 11, 43, 359
List the prime factors of 610686.
2, 3, 43, 263
What are the prime factors of 3190411?
7, 239, 1907
What are the prime factors of 1731370?
2, 5, 173137
What are the prime factors of 505811?
505811
What are the prime factors of 1860490?
2, 5, 186049
List the prime factors of 5174000.
2, 5, 13, 199
List the prime factors of 1501009.
1501009
What are the prime factors of 14400175?
5, 131, 4397
List the prime factors of 706915.
5, 11, 12853
What are the prime factors of 31718353?
19, 61, 27367
List the prime factors of 176592.
2, 3, 13, 283
List the prime factors of 298629.
3, 33181
What are the prime factors of 1952858?
2, 17, 19, 3023
What are the prime factors of 406798?
2, 7, 593
What are the prime factors of 9506172?
2, 3, 13, 60937
What are the prime factors of 1799057?
13, 138389
List the prime factors of 16423232.
2, 7, 5237
List the prime factors of 256322.
2, 11, 61, 191
List the prime factors of 6214712.
2, 7, 110977
List the prime factors of 1036644.
2, 3, 7, 41, 43
What are the prime factors of 3149267?
11, 17, 1531
What are the prime factors of 4664375?
5, 17, 439
List the prime factors of 428919.
3, 142973
What are the prime factors of 299411?
7, 42773
What are the prime factors of 261819?
3, 9697
What are the prime factors of 9518032?
2, 29, 73, 281
What are the prime factors of 30322?
2, 15161
List the prime factors of 23820.
2, 3, 5, 397
List the prime factors of 1126447.
7, 29, 31, 179
What are the prime factors of 371543?
71, 5233
What are the prime factors of 147250?
2, 5, 19, 31
List the prime factors of 2641317.
3, 7, 125777
What are the prime factors of 285210?
2, 3, 5, 3169
List the prime factors of 555908.
2, 138977
What are the prime factors of 269020?
2, 5, 13451
List the prime factors of 2022644.
2, 13, 97, 401
What are the prime factors of 23865822?
2, 3, 1117, 1187
List the prime factors of 2053197.
3, 19, 12007
List the prime factors of 97221.
3, 23, 1409
List the prime factors of 909819.
3, 31, 1087
What are the prime factors of 269719?
269719
List the prime factors of 1379306.
2, 163, 4231
What are the prime factors of 231374?
2, 11, 13, 809
List the prime factors of 18234.
2, 3, 1013
List the prime factors of 9063853.
37, 199, 1231
List the prime factors of 14107801.
14107801
List the prime factors of 1446311.
1446311
What are the prime factors of 216009?
3, 24001
List the prime factors of 77676.
2, 3, 6473
List the prime factors of 643187.
643187
List the prime factors of 25914035.
5, 7, 17, 97, 449
What are the prime factors of 31833793?
29, 1097717
List the prime factors of 637541.
109, 5849
List the prime factors of 134228.
2, 23, 1459
What are the prime factors of 56791?
7, 19, 61
List the prime factors of 5349944.
2, 19, 61, 577
What are the prime factors of 294778?
2, 11, 13399
What are the prime factors of 1825524?
2, 3, 16903
List the prime factors of 2324004.
2, 3, 19, 10193
What are the prime factors of 30162398?
2, 7, 227, 9491
List the prime factors of 837807.
3, 279269
What are the prime factors of 1536106?
2, 11, 13, 41, 131
List the prime factors of 123099.
3, 37, 1109
What are the prime factors of 6497455?
5, 1299491
List the prime factors of 118937.
7, 13, 1307
What are the prime factors of 69813?
3, 7757
List the prime factors of 1239777.
3, 7, 11, 1789
What are the prime factors of 410377?
11, 37307
What are the prime factors of 5259007?
13, 404539
What are the prime factors of 6298595?
5, 19, 66301
List the prime factors of 11058790.
2, 5, 1105879
What are the prime factors of 5011906?
2, 17, 147409
What are the prime factors of 773237?
23, 33619
List the prime factors of 542470.
2, 5, 17, 3191
List the prime factors of 33606538.
2, 7, 101, 23767
List the prime factors of 24325439.
24325439
What are the prime factors of 3264507?
3, 362723
What are the prime factors of 655506?
2, 3, 61, 199
List the prime factors of 2041087.
491, 4157
List the prime factors of 325741.
13, 25057
List the prime factors of 12234265.
5, 2446853
What are the prime factors of 2371290?
2, 3, 5, 79043
List